 (-16)/(-6)*t/2. Let w(q) = 2*q - 2. Calculate w(n).
-10
Let x(u) = u + 13. Let p be x(-10). Suppose -p*n = -8*n + 10, -5*n + 12 = f. Let y(o) = -4*o + 6*o - 2 + 0*o**2 + 2*o + 0*o**2 - 2*o**2. What is y(f)?
-2
Let j = 105 - 96. Let q(f) = -j - 29*f + 13*f + 17*f. Let u(g) = -g + 8. Let h(i) = 2*q(i) + 3*u(i). What is h(5)?
1
Let q(f) = -7*f + 10. Let j(z) = 311*z + 2 - 308*z - 7. Let d(w) = 5*j(w) + 2*q(w). Determine d(4).
-1
Let f be (-4395)/293 + 5*5. Let p(g) = -g**2 + 10*g + 15. Calculate p(f).
15
Let b be ((-13)/2)/((-1)/4*2). Suppose b*y = -17 + 43. Let n(m) = -m**2 + 1. Let l(o) = o**3 - 6*o**2 + 2*o - 1. Let d(c) = l(c) - 2*n(c). What is d(y)?
-7
Let b(z) = z - 1. Let d = 1627 + -1636. Calculate b(d).
-10
Let g(q) = q**3 + 9*q**2 - 25*q - 27. Let k be g(-11). Let i = -18 + 21. Let a(m) = -1 - 2 + 11*m**2 - 4*m**2 - 7*m - m**i. What is a(k)?
-9
Let x(w) be the first derivative of -5*w**4/12 + 2*w**3/3 + 3*w**2/2 + 10*w + 174. Let t(o) be the second derivative of x(o). Give t(2).
-16
Let n = 676 + -607. Let f be n/(-12) + 12/16. Let y(p) = 2*p + 13. Determine y(f).
3
Suppose -13 = -3*y + 14. Let q(b) = -1102 - 25*b + 6*b + 10*b + 10*b + 1093. Give q(y).
0
Let f = 16 - 11. Let s(t) = -22*t - 1. Let x(b) be the second derivative of 15*b**3/2 + 3*b**2/2 - 12*b + 1. Let w(p) = f*s(p) + 2*x(p). Determine w(1).
-19
Let h(s) be the first derivative of -2*s**2 + 0*s + 1/3*s**3 + 38 + 1/4*s**4. Let y = -5 - -2. What is h(y)?
-6
Let p(j) = -8*j**2 - 16*j + 15. Let o(b) = 10*b**2 + 24*b - 17. Let w(t) = -3*o(t) - 4*p(t). What is w(-4)?
55
Suppose 8 = 6*t - 4*t. Let s(u) = u**3 - 3*u**2 - 2*u - 2. Let d be s(t). Let v(l) = l**2 + 4 + 6*l - d*l + 10*l - l. Give v(-6).
-14
Let o(g) be the first derivative of g**4/4 - 7*g**3/3 + 5*g**2/2 - 4*g + 11983. Give o(5).
-29
Let p(x) be the first derivative of -10*x**2 - 127*x + 2145. What is p(-7)?
13
Let w(o) = -3*o**2 - 6*o + 6. Suppose 0 = -7*q - 4*n - 23, -5*q - 2*n - 9 = -2*q. Determine w(q).
-39
Let b(v) = 5*v**2 + 2*v + 2. Suppose 20 = -4*s + 4. Let r(y) = -4*y**2 - 3*y - 3. Let k(q) = s*b(q) - 3*r(q). Give k(2).
-29
Let a(x) = -x + 7. Let g = 247 + -207. Let s(n) = -n**2 + 4*n - 5. Let w be s(3). Let c be 4/(g/(-25))*w. Give a(c).
2
Suppose 0 = -2*n + 4*g + 32, -3*g = -11*n + 53 + 256. Let m(j) = j**3 - 29*j**2 - 25*j - 145. Determine m(n).
5
Let j = 7 - 9. Let n(o) = 6*o**2 - 3*o - 25. Let h(z) = -10*z**2 + 4*z + 37. Let u(l) = -2*h(l) - 3*n(l). Give u(j).
7
Let h(m) be the third derivative of m**5/60 - m**4/3 + 2*m**3/3 + 301*m**2. Let c be (0 - -2 - -3) + 3. Give h(c).
4
Suppose 2*g - 36 = -2*g. Let w be (-44)/(-7) + ((-104)/(-28) - 4). Let z(p) = -3*p**2 + p + g - 14 + w. Calculate z(2).
-9
Let k(f) = -2*f - 13. Let o(d) = -d - 16. Let v(x) = -6*k(x) + 5*o(x). Let p(z) = -20*z + 6. Let u(h) = 6*p(h) + 17*v(h). Let a = 4 - 2. Calculate u(a).
0
Let t(q) = -124 + 0*q + 10*q + 119. Determine t(0).
-5
Let v(f) = -f**3 - 3*f**2 - 7*f - 27. Let q be v(-4). Suppose r + 48 = q*r. Let d(j) be the first derivative of -j**3/3 + 3*j**2/2 - 4*j + 1. Determine d(r).
-4
Let k(y) = y**2 - 24*y + 5*y + 16*y - 4*y. Determine k(4).
-12
Let p(t) = -2*t**2 - 23*t. Let m(l) = 4*l**2 + 47*l - 1. Let c(a) = 4*m(a) + 9*p(a). Let k be c(-9). Suppose -k*z - 4 - 6 = 0. Let v(q) = -6*q - 1. Give v(z).
11
Let t be 8/(-28) - 357/(-49). Suppose -t*z = -2*z - 30. Let y(d) = -4*d + 10. Let b(i) = -2*i + 5. Let x(g) = z*y(g) - 13*b(g). What is x(-4)?
-13
Let y = -3 + 2. Let b(m) = -55*m + 648. Let k(j) = -3*j + 35. Let h(s) = -2*b(s) + 37*k(s). Give h(y).
0
Let o(k) = 2*k - 5. Let p be (-22)/(-1)*-26*(-6)/24. Let m = -135 + p. Calculate o(m).
11
Let r(y) = 142*y**2 - 90*y - 320. Let v(l) = -21*l**2 + 13*l + 45. Let j(a) = -4*r(a) - 27*v(a). Calculate j(14).
-5
Let u(b) = b + 16. Let d be (6/(-2))/(-3) + -2 + 15. Let i = -1 - 23. Let p = d + i. Give u(p).
6
Let j(a) be the first derivative of 17*a**2/2 - 5*a + 13092. Calculate j(4).
63
Let w(s) be the third derivative of s**6/120 - s**5/15 + s**4/24 - s**3/3 + 1637*s**2. Calculate w(3).
-8
Let s(z) = z**2 + 2*z - 2. Let p(l) = -7*l**2 - 17*l + 1. Let a(k) = p(k) + 6*s(k). Give a(-4).
-7
Let p(c) = -4*c**2 + 5*c + 7. Let y(h) = 10*h**2 - 12*h - 17. Let b(m) = 7*p(m) + 3*y(m). What is b(2)?
4
Suppose 0 = -4*x + 2*x + 2. Let p(n) = -51*n + 21. Let u(g) = -5*g + 2. Let f(h) = -6*p(h) + 63*u(h). Let t(o) = -o. Let b(y) = x*f(y) + 4*t(y). Give b(1).
-13
Let h be ((1 + 10/(-8))*-2)/((-149)/(-3874)). Let i(k) = k**2 - 52*k + 497. Give i(h).
-10
Let y(o) = 67*o**2 - 59*o**2 - 50 - 6*o**2 + 21*o - 8*o**2 + 5*o**2. Calculate y(20).
-30
Let m(k) = 3*k - k - 5 + 2*k + 0*k. Let y(v) = 9 + 0 - v - 3 - 4*v. Let r(u) = -4*m(u) - 3*y(u). Calculate r(8).
-6
Let y = -101 - -90. Let p be (0 - (-8)/10)/(y/(-55)). Suppose -4*i + p = 36. Let r(s) = s + 15. Determine r(i).
7
Let p = -36 - -15. Let d = 13 + p. Let w(a) = a**2 + 8*a - 5. Determine w(d).
-5
Suppose -154 = 366*h - 352*h. Let l(s) = -3*s - 4*s - 4*s - s**2 + 6. Let u be l(h). Let b(d) = d**2 - 5*d - 5. Give b(u).
1
Let r = 33715 + -33712. Let t(g) be the second derivative of -g**3/6 - g. Determine t(r).
-3
Let x = 2 + 24. Let v be (-2)/4*x/(-13). Let n(r) = -4*r**3. Determine n(v).
-4
Let n = 27 + -19. Let b(x) = -8 + n - 2 - 2*x**2 + 3*x. Suppose 384*a + 2 = 387*a + s, 24 = 2*a - 5*s. What is b(a)?
-4
Suppose 3*k + 2*p = -42, -332*k + 3*p + 8 = -331*k. Let n(w) = -w**2 - 15*w - 52. Give n(k).
-2
Let i(s) = s**2 - 3*s + 10. Let o(c) = 2*c**2 - 6*c + 19. Let n(y) = 11*i(y) - 6*o(y). Let a(m) = m**3 - 5*m**2 - 4*m - 6. Let h be a(6). Give n(h).
-22
Suppose 0 = -47*l + 49*l - 160. Let q = l + -62. Suppose 14*n - q*n - 32 = 0. Let j(h) = h**2 + 9*h + 8. Calculate j(n).
0
Let o(i) = -i**3 - 10*i**2 - 8*i + 4. Let v be ((-28)/(-5))/(((-12)/85)/6). Let w = -247 - v. Determine o(w).
-5
Let j(b) = 11295 + b + b**2 - 35*b - 11103. Determine j(27).
3
Let i(n) = -53 + 119 - 2*n - n**2 - 7*n - 61. Suppose 13*d - 11*d = 5*a - 21, 5*d = -3*a - 37. Calculate i(d).
13
Let d(w) = -16*w + 620. Let t = -6561 - -6600. Calculate d(t).
-4
Let t(a) = -a**2 + 12*a + 8. Let u be t(12). Suppose -w = 3 - u. Let q(z) = 3*z - 16 - 5*z + z**2 + 12. Calculate q(w).
11
Suppose -86*u - 193 = -250*u - 29. Let v(r) = 5*r**2 - 10*r + 9. Give v(u).
4
Let v(f) = 24*f**2 - 8*f - 25*f**2 + 29 + 3*f - 7*f. Let j be v(-14). Let t(i) = -5 + 13*i - 11*i + j. Calculate t(6).
8
Let l(x) = -2*x**2 - 22*x + 13. Let n be (-22)/(5 - 3)*(-14 + 255/17). Give l(n).
13
Let z(w) = 4*w - 6. Let d be z(-4). Let j = -24 - d. Let u(f) = 495 + 8*f**2 - 496 - f + 2*f. What is u(j)?
29
Let r(h) = 13*h**3 + 66*h**2 - 87*h - 229. Let g(i) = 10*i**3 + 49*i**2 - 65*i - 172. Let s(m) = -9*g(m) + 7*r(m). Calculate s(-22).
-11
Let n(a) = 145*a - 21. Let u(i) = 59*i - 10. Let f(m) = -2*n(m) + 5*u(m). Give f(12).
52
Let p(v) = v**3 - 12*v**2 + v - 10. Let f(n) be the first derivative of 10*n**2 + 12*n - 2. Let i be f(0). Determine p(i).
2
Let a be (1 - -1) + 2 + -2. Let c(j) be the second derivative of j**5/20 + j**4/12 - j**3/2 + j**2/2 - 1796*j. Determine c(a).
7
Let c(b) = 18*b + 92. Let m be -1 + (4 - 14) + 6. Give c(m).
2
Suppose 4*h = -2 + 34. Suppose 4*u - 3*j = 19, -4*u + h*u + 4*j + 16 = 0. Let v(x) = 3*x**3 - x**2. Give v(u).
2
Let o(r) = -104*r + 421. Let t(d) = 41*d - 165. Let y(x) = -7*o(x) - 18*t(x). Calculate y(-5).
73
Let p(l) = 2*l**3 - 3*l**2 - 2*l + 2. Suppose 49*y = 42*y + 196. Suppose 0 = -2*r + 8 + y. Suppose -5*s - s + r = 0. Determine p(s).
23
Suppose 637*u - 3986 - 7165 = -956*u. Let w(t) = 2*t + t + 9 - 26. Give w(u).
4
Let o(t) = t**3 + 3*t**2 + 3*t + 4. Let m be o(-3). Let f(h) = -4*h**2 - 6 - 83*h**3 + 3*h + 34*h**3 + 0 + 21*h**3 + 27*h**3. Determine f(m).
4
Let n = -104 - -111. Let j be n/(35/15) + -7. Let u(p) = 2*p**2 + 3*p + 2. What is u(j)?
22
Let k(y) = 4628 - 47*y - 2431 - 2431. Give k(-5).
1
Let q(c) = c**3 + 10*c**2 - 3*c - 1. Let f = 608 - 628. Let d be 12/(-20) + (188/f - 0). Give q(d).
29
Let t = -6023 + 6027. Let w(l) be the first derivative of -1/2*l**2 - l + t. Determine w(-7).
6
Suppose 0*l + 8 = 4*l. Suppose 16 = 6*h + l*h. Let g(u) = 8 + 0*u**h - 12*u**2 + 2*u + 3*u**2 - u**3. What is g(-9)?
-10
Let y(u) be the first derivative of u**6/360 - u**5/120 + u**4/12 - 16